vative of -n**9/8640 + n**8/20160 - n**7/5040 + n**6/720 + n**5/30 + 2*n**2. Let p(d) be the third derivative of r(d). Give p(1).
-6
Let l(z) be the second derivative of -z**5/20 - z**4/4 + z**3/3 - 3*z**2/2 + 62*z. Determine l(-3).
-9
Let f(r) = -r**2 - r + 1. Let k(t) = 5*t**2 - 3*t + 1. Let u(b) = 4*f(b) + k(b). Determine u(5).
-5
Let x(k) be the first derivative of k**2 - 5*k + 8. What is x(8)?
11
Let c(s) = s + 9. Let b(v) = -v**2 + 2*v + 3. Suppose -2*t = 5*a - 10, 31 = 4*a - 3*t - 0. Let n be b(a). Give c(n).
4
Let l(t) = t**3 - 13*t**2 - 13*t - 8. Let c be l(14). Let b(i) = -4 + c + 4*i - 5*i. Determine b(-6).
8
Let c(n) = 3 - 1 + 0*n**2 - 2*n**2 - n. What is c(2)?
-8
Suppose 0 = -3*q + i, -2*q + 6 = -2*i + 2. Let k(b) = 2*b**2 - 2*b - 1. Determine k(q).
3
Suppose 5*x = 8 + 2. Let v = 4 - x. Let p(c) = -v + 0 - c - 8 + 2. What is p(-4)?
-4
Let g(p) = -p**3 - 5*p**2 - 4*p + 2. Let b be g(-4). Let s(f) = 0*f**2 + 3*f**b - 2*f**2 - 5*f + 5 + 0*f**2. Determine s(5).
5
Let a(l) = 2*l**2 + 3*l - 2*l**2 + 3 - l + l**2. Let h be a(-3). Let y(z) = -z**3 + 5*z**2 + 6*z + 5. Give y(h).
5
Suppose -19 = 3*u + 5*i, -6*u + u + i + 15 = 0. Let w(z) = -z**2 + 1. Determine w(u).
-3
Let y(h) = -h**2 + 7*h - 13. Let o(j) = -2*j**2 + 13*j - 25. Let p(b) = 6*o(b) - 11*y(b). Let q be 0/((1 - 0) + 1). Give p(q).
-7
Let q(y) be the second derivative of 0 + 9/2*y**2 + 1/3*y**3 - y. Let c be q(-7). Let b(n) = -n - 1. Determine b(c).
4
Suppose -22 = -5*g - a + 15, -2*a - 31 = -5*g. Let h(p) be the first derivative of g*p + 2*p**2 - 2 - 2*p**3 + 1/4*p**4. Give h(5).
2
Let t(s) = 2*s - 5. Let m be 2*((-6)/(-2) - 2). Let o(w) = -w**2 + 2*w**m - 2*w**2 - 5*w. Let x be o(-4). Give t(x).
3
Suppose -4*o - 9 = -5*p, -4*p = 4*o - 37 + 1. Suppose -5*x = -5*n - 35, -n - o*n - 4*x = 8. Let w(r) = 2*r - 1. Give w(n).
-9
Suppose -4*c = -3*c + 5. Let j be ((-4)/1)/((-3)/(-6)). Let w(b) = -11*b + 14. Let s(a) = 7*a - 9. Let h(v) = c*w(v) + j*s(v). What is h(3)?
-1
Let i be 5 - (0 - (-6 + 3)). Let b be -1 - i - 9/(-3). Let s(v) = -v**3 + v**2 + v - 2. Calculate s(b).
-2
Let i(r) = 3*r - 11. Let w be i(5). Let z(a) be the first derivative of 1/2*a**2 - 1/3*a**3 + 3*a + 2. What is z(w)?
-9
Suppose -5*p + h = -22, -h = 3*p + 3 - 21. Suppose 23 = p*g - 12. Let v(o) = o**3 - 7*o**2 + o. Give v(g).
7
Let g = 5 + 13. Let o be (-215)/(-45) + 4/g. Let z(d) = 2*d - 7. Determine z(o).
3
Let l(d) = -d**2 - 5*d + 7. Suppose -p + 4*n = 14, -3*p + 4*n = p + 8. Suppose -3*t - 3*m = 24 + 6, p*t - 10 = 4*m. Give l(t).
7
Let w(v) be the first derivative of 2*v**3/3 + 3*v**2 + v + 18. Determine w(-4).
9
Let z(j) = j + 4. Let l be z(-7). Let s(f) = -28*f**3 - 19*f**2 + 17*f - 4. Let o(p) = 13*p**3 + 9*p**2 - 8*p + 2. Let d(c) = 13*o(c) + 6*s(c). Determine d(l).
8
Let h(c) be the second derivative of c**3/3 + c**2 + 3*c. Let g be (8/6)/((-2)/(-3)). Calculate h(g).
6
Let h be (-8)/(-2) - (3 - 2). Let r(o) = 4*o - 4*o - 1 + o**2 + h + 7*o. Give r(-6).
-4
Let k(d) = -1 + 0 - 5*d + 6*d**2 + 7*d**3 + 3. Let b = 9 - 5. Let z(h) = 3*h**3 + 3*h**2 - 2*h + 1. Let a(o) = b*k(o) - 9*z(o). Determine a(3).
-7
Let c = 25 + -24. Let r(j) be the first derivative of -1/3*j**3 - 7*j + c - 3*j**2. Calculate r(-5).
-2
Let y(d) = -7*d**2 - 2*d + 2. Suppose 2*f + 8 = 11*h - 9*h, 4 = 2*h. Give y(f).
-22
Let j(p) = -5*p - 40. Let n be j(-9). Let o(l) = -8*l - 18. Let i(k) = 3*k + 6. Let v(h) = -11*i(h) - 4*o(h). Calculate v(n).
1
Suppose 3*a = -2*a. Let p(l) = -l**2 + 5*l + 2. Let t be p(5). Let i(y) = y - 2 + 8 + y**2 - t*y**2. Give i(a).
6
Let c be ((-2)/4)/(6/(-48)). Let i(a) = -a - 3 - c*a**2 + 2*a - 2*a + a**3. Let u = 10 - 6. What is i(u)?
-7
Let i(x) = -x**2 + 2*x + 3. Let r be 4*-4*(-12)/64. Determine i(r).
0
Let n(l) = -5*l + 2. Suppose 0 = -5*d + 6*d - 2. Calculate n(d).
-8
Let q = 40 + -37. Let n(y) = -2*y. What is n(q)?
-6
Let i(x) = -x**3 + 8*x**2 + x + 2. Let v(r) = -4*r - 4. Let m be v(-3). Give i(m).
10
Let n(l) be the second derivative of -1/6*l**3 - 8*l - 3*l**2 + 0. Give n(0).
-6
Suppose 0*l - 2*m = 4*l - 4, -2*l + 5*m + 14 = 0. Suppose l*i + 0*i + 12 = 0. Let t(b) = -b - 4. Give t(i).
2
Let p(w) be the third derivative of -w**4/24 + 11*w**3/6 - 6*w**2. Give p(8).
3
Let y(t) = t**3 - 4*t**2 + 4*t - 4. Let v be y(3). Let b(p) = 2*p. Let m(o) = -o. Let a(z) = b(z) + 3*m(z). What is a(v)?
1
Let b(x) = 6*x**2 + x - 4. Let d(v) = v**2 - 1. Let c(m) = 2*b(m) - 10*d(m). Calculate c(-2).
6
Let t(y) = -y**2 - 1 + 4 + 2 - 3*y. Let s(n) = -2*n - 2. Let j be s(-2). Suppose -6*z = -2*a - j*z + 6, 3*a - 3*z + 3 = 0. What is t(a)?
-5
Let i(k) be the first derivative of k**4/4 - 2*k**3 - 9*k**2/2 + 9*k - 8. Calculate i(7).
-5
Let m(d) = -3*d - 2*d**2 + 5*d**3 + d + 3*d. Suppose 9*n - 10*n - 26 = 0. Let y = n - -27. Calculate m(y).
4
Suppose -o = -3*n - 0*n + 5, 5*o - 35 = -5*n. Let y(s) be the first derivative of -o + 1 + 5 - s**3. Calculate y(-1).
-3
Let x(y) = 0 + 4 + y + 2*y. Determine x(-4).
-8
Suppose 3*b + 21 = 5*t + 9, 5*t - 4*b = 11. Let q(r) = -2*r + r - 1 - t*r. Let o(f) = f**3 - 5*f**2 - 6*f + 1. Let h be o(6). Calculate q(h).
-5
Let n(q) = q**3 - 7*q**2 + 8*q - 6. Let w(t) = 6 + 14*t + 3*t**3 - 5*t**2 - 14*t - 4*t**3. Let r be w(-5). Determine n(r).
6
Let a(m) = 4*m + 4. Let y be 4 - (-2)/(-2) - 1. Let t(x) = -4 + 3 + y + x. Let s(i) = -a(i) + 3*t(i). Calculate s(-3).
2
Let u(r) = -2*r - 2. Let o(y) = 6*y + 7. Let n(q) = 6*o(q) + 17*u(q). Suppose 5*w = 2*v - 8, 26 = -v - 7*w + 2*w. Give n(v).
-4
Let n = 31 - 34. Let r(u) = -2*u. Calculate r(n).
6
Let r(t) = -t**2 + t - 4. Let x(h) = -2*h + 0 + 3*h - 5. Let d(c) = 5*r(c) - 4*x(c). Let n be -1 + 1 - (-3 + 2). What is d(n)?
-4
Suppose -5*k + 3*n + 15 = -2*k, -k + 4*n + 2 = 0. Suppose -4 - k = 2*z. Let x(f) = 0 - 3 - 1 - f. Determine x(z).
1
Let p(d) be the third derivative of 1/120*d**6 + 0*d - d**2 + 0*d**4 + 1/60*d**5 + 0 + 0*d**3. Suppose 2*f = 6*f - 4. What is p(f)?
2
Let k(o) = o**3 - 3*o**2 + 2*o - 5. Let h be k(3). Let z(p) = 4*p**2 + 12*p**3 - p**2 + 1 - 3*p**2. Give z(h).
13
Let r be (3*2)/((-30)/(-20)). Suppose 3*q - 5*q + r = 0. Suppose 2 = -3*p + q*p. Let h(i) = -3*i + 1. Determine h(p).
7
Let a(m) be the first derivative of m**2/2 + 12. Calculate a(8).
8
Let l(b) = -5*b**2 - b. Let v = 1 + 1. Let w be 1/3 - (-40)/15. Suppose o = w*o + v. What is l(o)?
-4
Suppose r + 10 = 16. Let d(u) = -u + 7. Let s(y) = y - 7. Let n(m) = -5*d(m) - 4*s(m). Determine n(r).
-1
Let a(l) = -l**2 + l - 1. Suppose -4*q + 3*n + 4 = -2*q, -4 = -2*q - 5*n. Let w = q - 4. Calculate a(w).
-7
Let b(j) = 5*j - 16. Let i(s) = -3*s + 8. Let f(p) = 4*b(p) + 7*i(p). Give f(-4).
-4
Let z(s) = s - 19. Let v be z(8). Let p = v - -10. Let d(k) = k**2 - k + 1. Let b(u) = u**2 - 7*u + 3. Let o(t) = p*b(t) + 2*d(t). What is o(-6)?
5
Let i(s) = -s**2 + s - 4. Let v be 9/12 + (-2)/(-8). Let f be ((1 - v)/(-3))/1. Suppose f = -5*z + z. Give i(z).
-4
Let k(f) = f - f - f**2 - 3 + 4*f. What is k(3)?
0
Let b(g) = -5*g**3 + g**2 - g. Suppose 0 = 2*s - 5*i - 22, -3*s + 0*i - 2*i - 5 = 0. What is b(s)?
-5
Let d(x) = 2 - 2*x + 0 - 3*x + x**2. Let o be d(4). Let t(c) = 2*c + 3*c**3 - 1 + 2*c**2 - c - c**3. Determine t(o).
-11
Let w(o) = 3*o - 3. Suppose 2*v + 10 = -t, 3*t = v + v - 14. Calculate w(t).
-21
Let p(s) be the third derivative of s**5/10 + s**4/6 + s**3 - 2*s**2. Let n(d) = -5*d**2 - 3*d - 5. Let o(t) = -5*n(t) - 4*p(t). Give o(-2).
7
Let r(c) be the second derivative of -c**4/6 - c**2/2 - c. Suppose j + 4*j = 5. Let p be (j*(0 - -2))/(-1). Determine r(p).
-9
Let t(j) = 0*j**2 + 0*j + 1 - j**2 - 6*j. Let q = -8 - -9. Let b = -6 + q. What is t(b)?
6
Let q(z) = z**2 - 3*z + 1. Suppose 4*k - 2*l - 18 = 3*l, 5*l = 2*k - 14. Give q(k).
-1
Let j(s) = s**2 + 2*s - 3. Let i be (-60)/(-15)*(-1 + 0). Give j(i).
5
Let b = -34 + 20. Let f be (-38)/b - 2/(-7). Let h(z) = -2*z - z + 5*z. Give h(f).
6
Let y(r) be the first derivative of -7*r**6/360 + r**4/24 + r**3 + 1. Let v(i) be the third derivative of y(i). Give v(1).
-6
Let b(w) = -w + 3. Let v be -6 - -2 - (-1 + 0). Let u = 3 + v. Suppose u = -0*q - q - p - 3, 0 = 3*q - p - 3. What is b(q)?
3
Let i(x) = x**2 + 6*x + 5. Suppose 0 = 5*k - 3*j + 25, 5*k + 13 = 5*j - 12. What is i(k)?
0
Let g(k) be the third derivative of k**5/60 - k**4/12 + 5*k**3